65?
True
Is 10584 a multiple of 63?
True
Is 16 a factor of 260204?
False
Does 220 divide 529449?
False
Is 358 a factor of 1189448?
False
Does 233 divide 1018272?
False
Is 17 a factor of 127670?
True
Does 22 divide 678260?
True
Is 1298892 a multiple of 49?
True
Is 141942 a multiple of 382?
False
Is 228 a factor of 14307000?
True
Is 875 a factor of 620375?
True
Is 537 a factor of 574644?
False
Does 1438 divide 11846244?
True
Does 174 divide 41586?
True
Does 44 divide 13367078?
False
Is 131 a factor of 2654260?
False
Is 397 a factor of 2221215?
True
Does 72 divide 9531504?
True
Does 55 divide 34870?
True
Does 22 divide 30509?
False
Does 187 divide 303501?
True
Is 56 a factor of 76048?
True
Is 26 a factor of 24161?
False
Does 116 divide 7103492?
True
Does 166 divide 234880?
False
Is 1944 a multiple of 18?
True
Is 28144470 a multiple of 267?
True
Is 11680 a multiple of 20?
True
Is 227922 a multiple of 404?
False
Does 594 divide 10754964?
True
Is 31 a factor of 161797?
False
Does 14 divide 225533?
False
Is 13 a factor of 23112595?
False
Is 20 a factor of 2589340?
True
Is 58 a factor of 6464721?
False
Does 454 divide 1658008?
True
Does 507 divide 380250?
True
Is 73 a factor of 7015256?
False
Is 949060 a multiple of 11?
False
Is 43358 a multiple of 105?
False
Does 6 divide 170406?
True
Does 117 divide 9237967?
False
Does 8 divide 43712?
True
Is 15 a factor of 5436540?
True
Does 28 divide 134581?
False
Is 491400 a multiple of 13?
True
Is 38016 a multiple of 12?
True
Does 14 divide 2718646?
True
Does 4 divide 38428?
True
Does 41 divide 1084924?
False
Is 13 a factor of 2315179?
False
Is 293 a factor of 109289?
True
Is 15 a factor of 177585?
True
Is 1350909 a multiple of 123?
True
Is 69 a factor of 27342?
False
Does 210 divide 101010?
True
Is 2707089 a multiple of 77?
True
Is 1956 a factor of 301224?
True
Is 32 a factor of 7884?
False
Does 50 divide 208539?
False
Is 670796 a multiple of 9?
False
Does 263 divide 42080?
True
Is 785833 even?
False
Is 1505632 a multiple of 4?
True
Does 4 divide 12423?
False
Is 136381 a multiple of 7?
True
Does 39 divide 1116453?
True
Does 31 divide 8528831?
False
Does 17 divide 29180?
False
Does 70 divide 202020?
True
Does 247 divide 237367?
True
Is 66 a factor of 764676?
True
Is 616 a factor of 10762752?
True
Does 134 divide 90986?
True
Is 6 a factor of 103359?
False
Is 24 a factor of 248774?
False
Is 57 a factor of 448059?
False
Is 572 a factor of 416786?
False
Does 14 divide 1424345?
False
Is 19 a factor of 754347?
False
Is 8 a factor of 5897?
False
Is 542 a factor of 1475866?
True
Is 184 a factor of 14184?
False
Is 150576 a multiple of 12?
True
Is 143758 a multiple of 1176?
False
Does 79 divide 53728?
False
Is 19 a factor of 368011?
True
Is 4 a factor of 1910592?
True
Is 37 a factor of 2123800?
True
Does 340 divide 609280?
True
Is 59939 a multiple of 42?
False
Is 11 a factor of 447970?
False
Does 125 divide 46147?
False
Is 66 a factor of 1818199?
False
Is 48 a factor of 893328?
True
Is 30 a factor of 1730160?
True
Is 116768 a multiple of 188?
False
Is 23 a factor of 119646?
True
Does 1346 divide 1942278?
True
Does 73 divide 641784?
False
Is 1453896 a multiple of 24?
True
Does 29 divide 16433981?
True
Is 254 a factor of 122951?
False
Does 424 divide 221352?
False
Does 388 divide 97388?
True
Does 224 divide 849408?
True
Is 5 a factor of 23690?
True
Does 29 divide 462202?
True
Does 232 divide 200937?
False
Does 62 divide 5016?
False
Is 58 a factor of 2201476?
False
Is 180651 a multiple of 248?
False
Is 9727050 a multiple of 285?
True
Is 803020 a multiple of 75?
False
Is 9 a factor of 53334?
True
Does 23 divide 966096?
False
Does 13 divide 176101?
False
Is 33 a factor of 199732?
False
Is 103 a factor of 3267716?
False
Is 1958196 a multiple of 204?
True
Is 2622825 a multiple of 45?
True
Is 66171 a multiple of 137?
True
Is 18 a factor of 332167?
False
Is 501 a factor of 333666?
True
Does 13 divide 4749641?
True
Is 16 a factor of 194672?
True
Is 13 a factor of 270205?
True
Is 31 a factor of 3741?
False
Is 523265 a multiple of 229?
True
Does 12 divide 695709?
False
Does 6 divide 56388?
True
Is 2181256 a multiple of 11?
True
Is 198975 a multiple of 7?
True
Does 74 divide 50838?
True
Is 551352 a multiple of 12?
True
Does 3 divide 13417?
False
Is 10 a factor of 270826?
False
Does 116 divide 4147902?
False
Is 76 a factor of 2369528?
True
Is 16 a factor of 7767292?
False
Does 2 divide 596037?
False
Is 43 a factor of 1680569?
True
Is 1974302 a multiple of 473?
True
Is 7 a factor of 18243687?
True
Is 4 a factor of 1373040?
True
Is 24 a factor of 1615632?
True
Is 9 a factor of 465084?
True
Is 301264 a multiple of 70?
False
Does 154 divide 5870439?
False
Is 791 a factor of 106721?
False
Does 106 divide 3593824?
True
Is 109 a factor of 13516?
True
Is 2 a factor of 480856?
True
Is 507332 a multiple of 133?
False
Does 566 divide 6172230?
True
Is 8 a factor of 1767483?
False
Is 9 a factor of 308367?
True
Is 432 a factor of 22451587?
False
Is 166 a factor of 2568518?
True
Does 740 divide 1261616?
False
Does 170 divide 317000?
False
Does 104 divide 17254189?
False
Is 33 a factor of 1892451?
True
Is 28659 a multiple of 181?
False
Is 4424618 a multiple of 46?
False
Is 13 a factor of 853641?
False
Does 265 divide 4649955?
True
Is 441 a factor of 593586?
True
Is 2187 a factor of 17784684?
True
Is 1196742 a multiple of 72?
False
Is 231136 a multiple of 32?
True
Does 91 divide 924885?
False
Is 98131 a multiple of 121?
True
Does 60 divide 288780?
True
Is 5330520 a multiple of 936?
True
Is 168 a factor of 111348?
False
Is 22475 a multiple of 145?
True
Does 146 divide 23926105?
False
Is 16929139 a multiple of 29?
False
Does 474 divide 6200891?
False
Is 503600 a multiple of 8?
True
Does 14 divide 662411?
False
Is 10 a factor of 1844923?
False
Is 11 a factor of 108240?
True
Does 21 divide 45424?
False
Is 553690 a multiple of 50?
False
Does 379 divide 1759416?
False
Is 1574967 a multiple of 47?
False
Is 2278335 a multiple of 149?
False
Is 12 a factor of 344016?
True
Is 160 a factor of 440729?
False
Does 47 divide 665987?
False
Is 1121778 a multiple of 126?
True
Is 100888 a multiple of 4?
True
Is 133305 a multiple of 56?
False
Is 328977 a multiple of 421?
False
Does 35 divide 1190?
True
Does 37 divide 204203?
True
Does 9 divide 113823?
True
Does 843 divide 3035643?
True
Is 306120 a multiple of 60?
True
Is 33281644 a multiple of 11?
True
Does 18 divide 395766?
True
Is 293268 a multiple of 107?
False
Is 435572 a multiple of 21?
False
Does 1179 divide 5330259?
True
Is 777 a factor of 3050375?
False
Does 12 divide 265038?
False
Is 1479 a factor of 1505622?
True
Is 5 a factor of 682544?
False
Does 15 divide 74041?
False
Does 132 divide 18206661?
False
Is 932 a factor of 2133658?
False
Is 2746 a multiple of 59?
False
Does 55 divide 3827894?
False
Does 369 divide 36900?
True
Is 38 a factor of 78992?
False
Is 68 a factor of 880940?
True
Is 104978 a multiple of 29?
False
Is 2514493 a multiple of 9?
False
Does 16 divide 780252?
False
Does 24 divide 1820448?
True
Does 12 divide 2092096?
False
Does 90 divide 3153240?
True
Is 31406 a multiple of 216?
False
Is 7 a factor of 58644?
False
Does 14 divide 2015938?
False
Is 1341083 a multiple of 22?
False
Does 14 divide 394967?
False
Is 42 a factor of 6937980?
True
Is 11550 a multiple of 110?
True
Does 4 divide 132815?
False
Does 166 divide 8938104?
True
Does 145 divide 462115?
True
Does 55 divide 19706?
False
Is 5 a factor of 38021?
False
Is 839867 a multiple of 25?
False
Does 98 divide 16167802?
False
Is 147744 a multiple of 27?
True
Is 4 a factor of 1696?
True
Is 35 a factor of 18585?
True
Does 112 divide 202608?
True
Does 21 divide 79716?
True
Does 44 divide 7099953?
False
Is 1318169 a multiple of 554?
False
Does 85 divide 574515?
True
Is 1261715 a multiple of 13?
True
Is 4 a factor of 6264636?
True
Is 742122 a multiple of 38?
False
Is 4785426 a multiple of 69?
True
Is 82008 a multiple of 136?
True
Is 4 a factor of 2328916?
True
Does 266 divide 213066?
True
Is 17 a factor of 2025588?
False
Is 23 a factor of 31940?
False
Is 179 a factor of 1410025?
False
Is 1813878 a multiple of 20?
False
Does 28 divide 55001?
False
Is 45963 a multiple of 16?
False
Is 260 a factor of 400400?
True
Is 558200 a multiple of 321?
False
Doe